mon divisor of g and 165?
15
Suppose 2 = 4*a - 2*a, 2*y = 3*a + 9. Suppose 0 = -y*b + 177 - 9. What is the highest common divisor of b and 14?
14
Let m be (1/3)/((-2)/(-6)). Suppose -19*n = 27*n - 414. Calculate the highest common factor of m and n.
1
Let m be 6/(-2)*(-154)/(-3). Let a be m/35*10/(-4). Calculate the highest common divisor of a and 77.
11
Suppose -469 = -2*a + m, -2*m = m + 15. Let z be (-88)/55 + (-1224)/(-40). Calculate the highest common factor of a and z.
29
Let w be ((-15)/9)/(5/165). Let z be ((-3)/9 - w/3) + -2. Suppose -5*m + 197 = 3*a, -a - 62 + 21 = -m. Calculate the highest common factor of m and z.
8
Suppose 3*n = -3*m + 36, 3*n - 30 = -2*n + 5*m. Let w be 140/16 + (-1)/(-4). Calculate the highest common divisor of w and n.
9
Let a(m) = m - 7. Let j = 3 + -8. Let c(h) = h - 8. Let t(n) = j*c(n) + 6*a(n). Let b be t(9). Calculate the highest common divisor of b and 35.
7
Suppose 3*q = -3*h + 84, -3*h + h + 56 = 3*q. Let w be (8 - 9)*(0 + (2 - 7)). Suppose w*o - h = o. What is the highest common factor of o and 63?
7
Suppose -17*b = 34*b - 54162. Calculate the greatest common divisor of 36 and b.
18
Suppose -3*s + 17 = -0*s + t, 2*t - 4 = 0. Suppose 5*b + 4*p = 139, -3*b - 2*b + s*p + 130 = 0. Calculate the highest common factor of b and 9.
9
Suppose -4*k + 861 = -4*v - 479, 4*k - 1341 = 5*v. Calculate the highest common factor of 2 and k.
2
Suppose -4*w + 3*x = x - 918, -232 = -w - 2*x. Suppose -w = 30*y - 32*y. Calculate the highest common factor of 23 and y.
23
Let m(t) = -2*t**2 + 29*t - 25. Let x be m(12). Calculate the greatest common divisor of 140 and x.
35
Suppose -i + 9 = -31. Suppose 252 + 228 = 24*j. Calculate the highest common factor of i and j.
20
Let h(g) = g**2 + 16*g - 42. Let a be h(6). What is the greatest common divisor of 120 and a?
30
Let y(u) = -u**3 - 32*u**2 - 60*u + 80. Let w be y(-30). What is the highest common factor of w and 40?
40
Let t be (4/(-14) - (-8151)/231) + -1. Let y(g) = g**3 + g**2 + 238. Let f be y(0). What is the greatest common divisor of t and f?
34
Suppose -91 = 11*u - 18*u. What is the highest common factor of 39 and u?
13
Let y = -4 + 9. Suppose 3*b + b + 32 = 0. Let z be (18/y)/(b/(-20)). Calculate the highest common factor of z and 63.
9
Suppose -21 - 3 = -4*n + 5*o, 0 = -n - 5*o + 31. Calculate the highest common factor of 22 and n.
11
Suppose 10*b = 112 + 48. Let w = -6 + b. What is the highest common divisor of 40 and w?
10
Let k(c) = 8*c**2 + c - 4. Let p be k(1). Let h = -74 - -129. Calculate the highest common divisor of p and h.
5
Let u(v) be the second derivative of 0 - 6*v + 1/6*v**3 - 3*v**2. Let a be u(9). What is the highest common factor of a and 33?
3
Let m be (-6)/(-4 + (-244)/(-62)). Let w = m + -79. Suppose -5*d = -413 - 217. Calculate the highest common divisor of w and d.
14
Suppose -6 = -f - 4*f - 4*h, 3*h + 7 = 2*f. Suppose -3 = f*t - 7. What is the highest common factor of 2 and t?
2
Suppose -74*t + 2088 + 1908 = 0. Let v(f) = 4*f + 1 + 5 - 2 - 2*f. Let b be v(7). What is the highest common factor of b and t?
18
Let g(m) = 26*m**2 - 93*m + 4. Let j be g(4). Calculate the highest common divisor of 276 and j.
12
Let q = 7613 - 3444. Suppose -1113 = 4*d - q. Suppose 3*z + u = d, 4*z - 3*u = 5*z - 244. What is the highest common divisor of z and 32?
32
Let a = -45 - -88. Let i = a - 19. What is the highest common divisor of i and 12?
12
Suppose 0 = -y - 0*y - 85. Let l = y + 29. Let t = l + 92. Calculate the greatest common factor of 12 and t.
12
Let f = -235 + 250. What is the greatest common factor of f and 2?
1
Let t be (-8)/((-1200)/(-152) - 8). Calculate the highest common factor of t and 380.
76
Let i(q) = q**3 + 8*q**2 - 12*q - 5. Let s be i(-9). What is the greatest common factor of s and 121?
11
Let r(g) be the third derivative of -g**4/24 + 5*g**3/6 + 2*g**2. Let p be r(-6). Calculate the greatest common factor of p and 1.
1
Suppose 2*i + 12 = 2*o, i + 4*i + 10 = 0. Suppose 1 = 5*m - o. What is the highest common divisor of m and 9?
1
Suppose -2*p + 13 = -203. Suppose 3*h = 6 - 3. Let v be (0 - (h - 2))*12. What is the greatest common divisor of p and v?
12
Let n(z) = -6*z - 15*z - 2*z - 12 + 62 + z**2. Let o be n(21). Calculate the highest common divisor of 2 and o.
2
Let x = -8 - -15. Suppose -x = -l - 5. Suppose 40 = -l*b + 4*b. Calculate the highest common divisor of 5 and b.
5
Let i = 21 + 9. Let p(o) be the third derivative of -o**4/6 - o**3/3 - o**2. Let k be p(-3). What is the greatest common divisor of i and k?
10
Suppose 4*x - 2*d = 3346, 4*x + 5*d - 4190 = -x. Calculate the greatest common factor of x and 186.
93
Let y = 4379 - 4365. Let s(m) be the first derivative of m**3/3 - 5*m**2/2 + 6*m + 2. Let q be s(-5). What is the highest common divisor of y and q?
14
Suppose -6*l = 3*x - 8*l - 24, x - 8 = 4*l. Calculate the greatest common divisor of x and 632.
8
Let c(h) = -h**2 - 13*h. Suppose 2*j - 60 = -3*j. Suppose 5*r = -48 - j. Let t be c(r). Calculate the greatest common divisor of t and 96.
12
Suppose -5*y - 157 = -3*v - 1019, -672 = -4*y - 2*v. Suppose -2*l + 0*l + y = 0. What is the greatest common divisor of l and 34?
17
Suppose o - 4*o = -4*d + 321, 2*o = -2*d + 164. Calculate the highest common divisor of 135 and d.
27
Suppose 3*h = i + 7, 4*i + 4*h - 36 = -0*i. Suppose -i = -2*w - 1. Let v(y) = y**2 - 7*y + 5. Let g be v(7). What is the highest common factor of g and w?
1
Let v be (3/9)/(3/1143 + 0). Let o = -122 + v. Calculate the highest common factor of 10 and o.
5
Let i = 43 - 38. Calculate the greatest common divisor of i and 160.
5
Suppose -5*b + 38 = 4*z - 0*b, -4*b = 2*z - 16. Suppose -8*w = -113 - 279. Let c = -13 + w. Calculate the highest common divisor of c and z.
12
Let y(v) = 5*v - 6. Let q be y(5). Suppose -74 = -0*p - 5*p - 4*h, -q = -p - 5*h. Calculate the greatest common divisor of p and 2.
2
Let u(x) be the first derivative of x**2 + 27*x - 12. Let y be u(-12). What is the highest common factor of 27 and y?
3
Suppose -l + 60 + 15 = 0. Calculate the greatest common divisor of l and 45.
15
Let b = 56 + -27. Let l = b - -59. Let h be (2/(-6))/(7/(-168)). What is the highest common factor of h and l?
8
Let t be 2/(-7) + (-37)/(-7). Suppose -3*d - 3*v + 7 = v, 0 = -t*d - 5*v + 15. Calculate the highest common factor of d and 15.
5
Let q(s) = -56*s - 117. Let j be q(-3). Suppose -2 = 2*f - 36. Calculate the greatest common divisor of f and j.
17
Let h = 474 - 223. Suppose -l = -4*f - 123, -l = l - 3*f - h. Suppose 0 = -5*c + l - 37. Calculate the highest common divisor of 144 and c.
18
Suppose -g - 5*x = -40, -51 = 3*g - 5*x - 151. Suppose 0 = -4*j + g + 13. What is the highest common factor of 30 and j?
6
Let v = 3 - -2. Suppose -3*i = -4 - v. Suppose -4*r = -3*b + 8, 3*b - i*r - 20 = -b. Calculate the highest common factor of 88 and b.
8
Let p be (-2933)/(-21) - 1/(-3). Suppose 4*n = -n + 25. Suppose -2*t + 5*w + 109 = t, 3*w = n*t - 155. Calculate the greatest common factor of p and t.
28
Suppose -5*l = 2 - 12. Let y(a) = 2*a - 7*a + 4 - 3*a + l*a. Let v be y(-9). Calculate the greatest common factor of 87 and v.
29
Let o(i) = i**3 - 8*i**2 + 7*i + 11. Let f be o(8). Suppose 0 = f*m - 69*m + 46. What is the highest common factor of m and 46?
23
Let n = 82 - 295. Let y be n/(-3) - 2*2/(-4). Calculate the greatest common factor of 9 and y.
9
Let q be 4 + -5 + 4/1. Let u(s) = 4 - 5*s**3 - 2*s**2 - 2*s + 0*s + 4*s**q + 3*s. Let v be u(-3). What is the greatest common factor of v and 110?
10
Suppose -370 - 26 = -11*y. What is the greatest common divisor of 300 and y?
12
Let p be (6/4)/(15/(-20)). Let m be (-5)/p*(-2 + 1 - -23). Suppose 3*z - 2*u + 25 = 83, -z + 5*u + 2 = 0. What is the highest common factor of m and z?
11
Let o = 2207 - 1459. Calculate the highest common factor of o and 136.
68
Let h(g) = -g**2 + 2*g + 187. Let d be h(0). Calculate the highest common factor of 68 and d.
17
Let k be 2768/8 + 3 - -2. What is the greatest common divisor of k and 13?
13
Let s = -183 + 404. Calculate the highest common factor of 13 and s.
13
Suppose -2*i + 2*v + 58 = 0, i + 2 - 35 = 5*v. Let p(t) = 126*t. Let m be p(1). Suppose 6*x - m = 3*x. Calculate the highest common factor of i and x.
14
Suppose -7*u = -